20?
2, 3, 5, 11, 47, 26357
What are the prime factors of 47462879?
29, 1636651
What are the prime factors of 121053973?
37, 89, 36761
What are the prime factors of 523592000?
2, 5, 65449
List the prime factors of 321297061.
29, 293, 37813
List the prime factors of 28300920.
2, 3, 5, 17, 13873
What are the prime factors of 99863827?
7, 829, 17209
List the prime factors of 2562635849.
19, 47, 2869693
What are the prime factors of 927403031?
4003, 231677
List the prime factors of 704495474.
2, 23, 15315119
List the prime factors of 605530736.
2, 37845671
List the prime factors of 138151952.
2, 8634497
List the prime factors of 415366556.
2, 11, 9440149
What are the prime factors of 154111242?
2, 3, 19, 1351853
What are the prime factors of 77238040?
2, 5, 11, 19, 9239
What are the prime factors of 57520770?
2, 3, 5, 173, 11083
What are the prime factors of 6816314300?
2, 5, 739, 92237
What are the prime factors of 12542584?
2, 19, 43, 101
List the prime factors of 97433089.
13, 347, 21599
What are the prime factors of 211279254?
2, 3, 35213209
What are the prime factors of 97237799?
97237799
List the prime factors of 1029904778.
2, 7, 17, 4327331
What are the prime factors of 2018019167?
251, 1523, 5279
List the prime factors of 6339509.
11, 576319
List the prime factors of 569090335.
5, 11, 47, 220151
List the prime factors of 595227709.
41, 14517749
List the prime factors of 34402760.
2, 5, 7, 122867
What are the prime factors of 183602101?
1427, 128663
List the prime factors of 86591945.
5, 11, 823, 1913
What are the prime factors of 732937094?
2, 2141, 171167
What are the prime factors of 317255679?
3, 13, 29, 93503
List the prime factors of 50533906.
2, 31, 815063
List the prime factors of 1570656014.
2, 19, 257, 160829
List the prime factors of 105084984.
2, 3, 4378541
What are the prime factors of 1889763730?
2, 5, 3659, 51647
What are the prime factors of 152318651?
419, 363529
What are the prime factors of 4693051?
11, 426641
List the prime factors of 24535497.
3, 7, 1168357
List the prime factors of 28391513.
17, 1670089
What are the prime factors of 77478386?
2, 191, 202823
What are the prime factors of 5850026130?
2, 3, 5, 13, 15000067
What are the prime factors of 625269921?
3, 173, 241, 4999
List the prime factors of 1588100315.
5, 1201, 264463
What are the prime factors of 818963696?
2, 51185231
What are the prime factors of 1199535776?
2, 17, 1471, 1499
List the prime factors of 12758692.
2, 3189673
List the prime factors of 2062931093.
2062931093
List the prime factors of 131137846.
2, 7, 9366989
List the prime factors of 4770878245.
5, 7, 19, 7174253
What are the prime factors of 711956031?
3, 43, 127, 43457
List the prime factors of 891007456.
2, 31, 101, 8893
List the prime factors of 436835459.
827, 528217
What are the prime factors of 115917212?
2, 1483, 19541
List the prime factors of 33219818.
2, 73, 227533
List the prime factors of 434716.
2, 191, 569
List the prime factors of 141310254.
2, 3, 23551709
List the prime factors of 1936525164.
2, 3, 7, 1637, 14083
What are the prime factors of 44328851?
7, 6332693
List the prime factors of 874311400.
2, 5, 857, 5101
List the prime factors of 44371074.
2, 3, 11, 672289
What are the prime factors of 808725231?
3, 211, 425869
List the prime factors of 21623323.
59, 366497
List the prime factors of 24835277.
4583, 5419
List the prime factors of 209949459.
3, 523, 133811
List the prime factors of 871640817.
3, 1901, 152839
What are the prime factors of 489996941?
7, 5869, 11927
What are the prime factors of 158212808?
2, 13, 89, 17093
List the prime factors of 78324003.
3, 157, 2053
List the prime factors of 465965011.
29, 97, 151, 1097
List the prime factors of 17749880.
2, 5, 457, 971
List the prime factors of 52903457.
52903457
List the prime factors of 2996839664.
2, 7, 13, 421, 4889
List the prime factors of 193510635.
3, 5, 97, 179, 743
List the prime factors of 7228680673.
79, 91502287
What are the prime factors of 335272481?
15289, 21929
List the prime factors of 94027156.
2, 1259, 18671
List the prime factors of 186382609.
7, 19, 53, 137, 193
List the prime factors of 41459053.
227, 182639
List the prime factors of 216982428.
2, 3, 13, 1390913
List the prime factors of 370392595.
5, 74078519
What are the prime factors of 19213734?
2, 3, 227, 14107
List the prime factors of 102810761.
47, 2187463
What are the prime factors of 29028729?
3, 9676243
What are the prime factors of 4616026312?
2, 577003289
What are the prime factors of 298855870?
2, 5, 53, 569, 991
List the prime factors of 2144472893.
73, 29376341
List the prime factors of 216938582.
2, 7, 79, 4003
What are the prime factors of 1168566710?
2, 5, 43, 709, 3833
List the prime factors of 118383372.
2, 3, 67, 49081
What are the prime factors of 318131417?
318131417
What are the prime factors of 202720439?
31, 6539369
List the prime factors of 165441168.
2, 3, 79, 14543
What are the prime factors of 753859320?
2, 3, 5, 47, 73, 1831
List the prime factors of 592013691.
3, 71, 311, 331
What are the prime factors of 7946499?
3, 11, 113, 2131
What are the prime factors of 470361400?
2, 5, 257, 9151
List the prime factors of 10855297.
10855297
List the prime factors of 27490172.
2, 41, 167623
What are the prime factors of 2483687116?
2, 113, 5494883
List the prime factors of 58836674.
2, 13, 109, 1597
List the prime factors of 1370421229.
1370421229
List the prime factors of 3567149083.
17, 47, 113, 39509
List the prime factors of 244220766.
2, 3, 181, 224881
List the prime factors of 33496020.
2, 3, 5, 379, 491
What are the prime factors of 198384751?
198384751
What are the prime factors of 49274762?
2, 179, 137639
What are the prime factors of 4585161394?
2, 11, 208416427
What are the prime factors of 94436808?
2, 3, 3934867
List the prime factors of 64968765.
3, 5, 4331251
List the prime factors of 1595055752.
2, 199381969
What are the prime factors of 55280452?
2, 13820113
List the prime factors of 881299528.
2, 110162441
What are the prime factors of 20800141?
20800141
What are the prime factors of 66016972?
2, 7, 2357749
List the prime factors of 737198820.
2, 3, 5, 151687
What are the prime factors of 25249448?
2, 7, 450883
List the prime factors of 13709487.
3, 11, 233, 1783
List the prime factors of 3280511434.
2, 41, 457, 87541
List the prime factors of 430245929.
79, 1319, 4129
What are the prime factors of 34851855?
3, 5, 2323457
What are the prime factors of 1482833590?
2, 5, 7, 151, 409
What are the prime factors of 131776430?
2, 5, 23, 572941
What are the prime factors of 5207932743?
3, 13, 37, 3609101
What are the prime factors of 5887465209?
3, 313, 696659
What are the prime factors of 84905459?
173, 490783
What are the prime factors of 814609830?
2, 3, 5, 27153661
List the prime factors of 110503430.
2, 5, 19, 581597
What are the prime factors of 306247408?
2, 1697, 11279
List the prime factors of 2535565306.
2, 47, 12211
List the prime factors of 11112067.
17, 653651
List the prime factors of 41324639.
19, 2174981
What are the prime factors of 598292959?
11, 307, 177167
What are the prime factors of 2893695191?
43, 67295237
What are the prime factors of 958386480?
2, 3, 5, 41, 97397
List the prime factors of 935338035.
3, 5, 131, 367, 1297
What are the prime factors of 46477487?
7, 6639641
What are the prime factors of 45916301?
31, 79, 18749
List the prime factors of 680205124.
2, 170051281
What are the prime factors of 841765827?
3, 7, 89, 450383
List the prime factors of 1905586400.
2, 5, 2381983
List the prime factors of 73701652.
2, 18425413
What are the prime factors of 2365865924?
2, 591466481
What are the prime factors of 2200918447?
7, 13, 17, 19, 563
What are the prime factors of 2614624422?
2, 3, 1061, 410717
What are the prime factors of 3954028743?
3, 7, 2711, 7717
What are the prime factors of 87124771?
409, 213019
What are the prime factors of 5162183599?
29, 178006331
What are the prime factors of 38238396?
2, 3, 7, 455219
What are the prime factors of 4013736715?
5, 802747343
What are the prime factors of 352781387?
7, 50397341
List the prime factors of 1093054406.
2, 17, 32148659
What are the prime factors of 426225979?
426225979
List the prime factors of 4210814560.
2, 5, 43, 61